 x = -167 + 172. Let d(b) = -4*b + 2. Calculate the remainder when d(-3) is divided by x.
4
Let j(v) = 37*v + 21*v + 6*v. What is the remainder when j(1) is divided by 22?
20
Suppose -42 = -5*a + 163. Let m(l) = l**2 - l - 1. What is the remainder when a is divided by m(4)?
8
Let h = 8 + 3. Let o = 43 - 22. Calculate the remainder when o is divided by h.
10
Let o(c) = 0*c - 3 - 3*c + 8*c. Calculate the remainder when o(2) is divided by 4.
3
Let m(p) = 3*p + 8. What is the remainder when 45 is divided by m(0)?
5
Let x(w) = -2*w**2 - 14*w. What is the remainder when 37 is divided by x(-5)?
17
Let w = 65 - 20. What is the remainder when w is divided by 24?
21
Suppose -i + 5 = -1. Let z be 16/7 - i/21. Suppose z*v = -2*v + 20. Calculate the remainder when 14 is divided by v.
4
Let r(w) = 3*w**2 + 13*w + 4. Calculate the remainder when 82 is divided by r(-5).
12
Suppose -15 = 5*j - 10*j. What is the remainder when 29 is divided by ((-9)/j)/(3/(-15))?
14
Let g(q) be the second derivative of -q**4/12 - 3*q**3/2 - 3*q**2 - 2*q. Let n(b) = b - 1. Let y be n(-3). Calculate the remainder when 41 is divided by g(y).
13
Let q(c) = c**3 - 3*c**2 - 4*c. What is the remainder when q(5) is divided by (4 - 4 - -2) + 14?
14
Let o(c) be the third derivative of c**5/5 - c**4/24 - c**2. Let l = -47 + 72. Calculate the remainder when l is divided by o(-1).
12
Suppose 0 = -4*d + 2*d + 70. What is the remainder when 174 is divided by d?
34
Suppose 4 = 4*d, 5*d - 30 + 5 = -5*r. Suppose 2*i - 5*l = -i + 41, r*i - 44 = 4*l. Calculate the remainder when i is divided by 4.
3
Let p be ((-10)/6)/(3/(-9)). Suppose 2*k = p*k - 15. Suppose 2*d - 2*q = 76, -3*d + 32 = k*q - 74. What is the remainder when d is divided by 13?
11
Let k(y) = y**3 - 3*y**2 - 14*y - 4. Let r be k(6). Suppose -5*d - r = 0, -2*d - 3*d = -2*f + 122. Calculate the remainder when f is divided by 13.
12
Let f(w) = 4*w + 5*w + w**2 - 3 + 15. Calculate the remainder when 10 is divided by f(-8).
2
Let u be ((-100)/(-6))/((-6)/(-9)). Suppose 10*o - 5*o - u = 0. Calculate the remainder when -1 + 2/2 - -13 is divided by o.
3
Let w(n) = -4*n. Calculate the remainder when 33 is divided by w(-3).
9
Suppose -3 = -7*a + 18. Suppose 192 = -5*u + 2*u. What is the remainder when 47 is divided by (a/(-2))/(6/u)?
15
Let q = 1 + 2. Let g = q + -1. Let z = -8 + 12. Calculate the remainder when z is divided by g.
0
Let m = 0 - -3. Suppose 0*q + m*q - 69 = 0. What is the remainder when q is divided by 12?
11
Suppose 5*b = -c - 5 + 1, 3*c - 20 = b. Suppose -4*v - 24 = -2*z, 4*v = 3*z - 6*z + 26. Calculate the remainder when z is divided by c.
4
Suppose -3 = -4*l - 5*j + 1, -4*j = 16. Calculate the remainder when l is divided by 4.
2
What is the remainder when 19 is divided by 4*(14/(-8) - -3)?
4
What is the remainder when 29 is divided by (-23)/(-5) - (-2)/5?
4
Let d(m) = m**2 + m + 12. Let r(l) = -l - 4. Let p be r(-4). Calculate the remainder when d(p) is divided by (-2)/(-7) + 99/21.
2
What is the remainder when (3 + -1)/((-1)/(-18)) is divided by (-2)/(-1 + (-68)/(-76))?
17
Let i(o) = o**2 + 5*o + 1. Let s = 1 - 8. Calculate the remainder when 59 is divided by i(s).
14
Suppose 65 = 13*c - 221. What is the remainder when c is divided by 5?
2
Suppose -5*l = -45 - 90. Let k = 83 - l. Calculate the remainder when k is divided by 19.
18
Let d = 38 + -22. Suppose -g = 2*s - 11, 2*g + d = 6. Suppose -2*z = -0 - s, -2*y - 4*z + 42 = 0. What is the remainder when y is divided by 7?
6
Suppose 0 = -3*m + 3*q + 36, 5*q - 114 + 34 = -5*m. What is the remainder when m is divided by 5?
4
Suppose -36 + 102 = 6*f. Calculate the remainder when 43 is divided by f.
10
Let d(k) = k + 16. Let v be d(-12). Suppose -27 = -3*l - p, -4*p = 4*l + v - 32. Let g(h) = 5*h + 2. What is the remainder when g(3) is divided by l?
7
Let c = 16 - 3. Suppose -v = 3*v - 28. Calculate the remainder when c is divided by v.
6
Suppose -2*k + 14 = 2. Let t = k + -3. Calculate the remainder when 10 is divided by t.
1
Suppose 0 = f - 5*z - 37 - 0, 4*f - z = 110. What is the remainder when 88 is divided by f?
7
Let m(x) be the third derivative of x**6/40 - x**5/15 - 2*x**3/3 - x**2. Calculate the remainder when m(3) is divided by 14.
13
Suppose -4*x + x = 144. Let l = -17 - x. Calculate the remainder when l is divided by 17.
14
Let d be 0 + 33*5 + 2. Suppose 5*w = -o + d, -w + 4*o + 114 = 2*w. What is the remainder when w is divided by 18?
16
Suppose -3 = -2*v + 3. Let g = -19 - -17. What is the remainder when 68 - (g + v) - 0 is divided by 23?
21
Suppose -10*c = -9*c - 107. Calculate the remainder when c is divided by 27.
26
Suppose -n + 19 = 3*t, 6 = 3*n - 2*t - 7. What is the remainder when 11 is divided by n?
4
Suppose -170 = 4*k - 9*k. What is the remainder when 135 is divided by k?
33
Calculate the remainder when 93 is divided by (-1336)/(-28) - 8/(-28).
45
Suppose 2*t - 12 - 2 = 0. Let z = 14 - 10. Calculate the remainder when t is divided by z.
3
Let v(h) = 4*h + 8. Let b be v(14). Suppose 74 = 3*z - 4*o, b = 3*z + o - 0*o. Calculate the remainder when z is divided by 8.
6
Let z = 14 + 22. What is the remainder when 69 is divided by z?
33
Calculate the remainder when 123 is divided by 22 + (-2)/(8/(-12)).
23
Let v = -30 - -29. Calculate the remainder when 21 is divided by 24 - 11 - (v - -2).
9
Let w = 23 + -6. Calculate the remainder when w is divided by ((-2)/(2/5))/(-1).
2
Let r be 44/10 + (-3)/(-5). Let d(b) = 16*b - r + 1 + 6*b. Calculate the remainder when d(3) is divided by 21.
20
Suppose -8*b = -4*b - 16. Suppose 9*m = 4*m. Suppose 2*y + m = 6. Calculate the remainder when b is divided by y.
1
Let l(m) = -5*m**2 + m + 4*m**2 + 3 + 2*m**2. Let r = 4 - 10. Calculate the remainder when l(r) is divided by 12.
9
Calculate the remainder when -1*(-2)/2*(-2 - -40) is divided by 14.
10
What is the remainder when 14 - (-9)/6*(-4)/3 is divided by 8?
4
Suppose 3*d = 24 + 18. Let m = d + -6. What is the remainder when 15 is divided by m?
7
Suppose 4*h - 10 = 3*h. Let l be (4/(-8))/(1/2). Calculate the remainder when 1 - 36/(-3 - l) is divided by h.
9
Suppose -2*s + 70 = 3*s. Suppose -5*q = 15 - 40. Suppose -q*x + 0 = -5*d - 35, -2*x - 4*d + 2 = 0. Calculate the remainder when s is divided by x.
4
Let w(g) = -g**3 + 4*g**2 + 6*g - 3. Let k(r) = r**2 - 8*r + 3. Let c be k(6). Let b = c + 15. What is the remainder when w(4) is divided by b?
3
Let n(o) = o**3 + o**2 - 6. Let u be n(-3). Let y = u - -35. Suppose -4*f + 150 = f. What is the remainder when f is divided by y?
8
Suppose -2113*t + 2096*t + 697 = 0. Let p(l) = 13*l. Let g be p(3). Let c = g + -25. Calculate the remainder when t is divided by c.
13
Let f = -42 - -73. Let x(o) = o + 9. Calculate the remainder when f is divided by x(7).
15
Let b be ((-176)/(-12))/(2/(-6)). Let y = -29 - b. Calculate the remainder when 28 is divided by y.
13
Calculate the remainder when 6 is divided by -1 + (9/(-6))/(1/(-2)).
0
Suppose f = d + 7, -4*d + 2*d - 2 = f. What is the remainder when 7 is divided by f?
3
Let n be -6*(105/(-6))/5. Suppose 0 = 5*y - 3*y - 6. Suppose y*v + 5*l - n = 31, -2*v - 5*l = -43. Calculate the remainder when 17 is divided by v.
8
Let a(g) = -g - 2. Let m be a(-4). Suppose -5*x + x + 65 = 3*w, 4*w = -m*x + 30. Calculate the remainder when 32 is divided by x.
15
Let n(t) = 3*t - 1. Let r be n(7). Let s = r + -28. Let c = 24 + s. What is the remainder when c is divided by 6?
4
Let o = 48 - 77. Let y = o + 46. What is the remainder when 64 is divided by y?
13
Suppose -4*p - 12 = -0*p, -3*m + 3*p = -12. What is the remainder when m is divided by 1?
0
Suppose -4*q = -5*y - 165, 82 = -3*y + q - 2*q. Let h = y + 55. Calculate the remainder when h is divided by 14.
12
Suppose 2*h - h = x + 8, -9 = -3*h. Calculate the remainder when 25 is divided by 6/(-15) + (-47)/x.
7
Let p(g) = g**2 + 2*g + 6. Let i be p(5). Let f = 111 - i. Calculate the remainder when f is divided by 24.
22
Suppose -2*l - g = 30, -4*l + g = 2*g + 60. Let v = l - -22. Let m(x) = -3*x + 8. Calculate the remainder when m(-6) is divided by v.
5
Let y be (-528)/(-20) - 2/5. Let r = -17 + y. Suppose 3*d = -n - r, 0 = -4*n + 2*d + 3 + 31. What is the remainder when 16 is divided by n?
4
Suppose 3*k = -10 - 2. Let a(b) be the first derivative 